r when 43547 is divided by 743.
453
What is the remainder when 483259 is divided by 46?
29
Calculate the remainder when 7381337 is divided by 569.
269
Calculate the remainder when 355998 is divided by 356.
354
Calculate the remainder when 843847 is divided by 70318.
31
What is the remainder when 204926 is divided by 1542?
1382
Calculate the remainder when 38703958 is divided by 194.
182
What is the remainder when 62287655 is divided by 260?
235
What is the remainder when 74348 is divided by 72846?
1502
What is the remainder when 4600005 is divided by 12?
9
What is the remainder when 197011750 is divided by 65670576?
22
Calculate the remainder when 239480 is divided by 1007.
821
Calculate the remainder when 7688 is divided by 1161.
722
Calculate the remainder when 87741 is divided by 236.
185
What is the remainder when 30415074 is divided by 52?
14
What is the remainder when 507881 is divided by 806?
101
What is the remainder when 63762166 is divided by 98703?
28
Calculate the remainder when 55331 is divided by 2211.
56
What is the remainder when 1791952 is divided by 307?
300
What is the remainder when 82175653 is divided by 81?
19
Calculate the remainder when 17143664 is divided by 33.
32
Calculate the remainder when 783294 is divided by 1053.
915
Calculate the remainder when 30486 is divided by 15065.
356
Calculate the remainder when 46781 is divided by 15580.
41
What is the remainder when 87767 is divided by 7078?
2831
Calculate the remainder when 151111 is divided by 1017.
595
Calculate the remainder when 39164 is divided by 2074.
1832
What is the remainder when 3317475 is divided by 564?
27
What is the remainder when 60718 is divided by 322?
182
Calculate the remainder when 420633734 is divided by 3495.
3494
Calculate the remainder when 9030400 is divided by 3279.
34
What is the remainder when 95110 is divided by 35?
15
Calculate the remainder when 134884159 is divided by 1798.
1795
Calculate the remainder when 22333588 is divided by 89693.
31
Calculate the remainder when 650794 is divided by 643.
78
Calculate the remainder when 23075459 is divided by 88.
11
What is the remainder when 17351077 is divided by 2353?
55
What is the remainder when 2298258 is divided by 1149108?
42
Calculate the remainder when 4721 is divided by 3438.
1283
Calculate the remainder when 129111 is divided by 956.
51
What is the remainder when 48797292 is divided by 4512?
12
What is the remainder when 4554110 is divided by 3008?
3006
Calculate the remainder when 41781703 is divided by 65.
28
Calculate the remainder when 3082501 is divided by 274.
1
Calculate the remainder when 49829675 is divided by 356.
355
Calculate the remainder when 187802 is divided by 3229.
520
Calculate the remainder when 320600 is divided by 80150.
0
What is the remainder when 1014539 is divided by 338175?
14
What is the remainder when 64103 is divided by 9073?
592
What is the remainder when 37641 is divided by 2344?
137
What is the remainder when 51692 is divided by 23913?
3866
Calculate the remainder when 763327 is divided by 4626.
37
Calculate the remainder when 10751331 is divided by 2471.
10
What is the remainder when 6432972 is divided by 3712?
76
Calculate the remainder when 18507 is divided by 18415.
92
Calculate the remainder when 4742211 is divided by 1369.
1364
Calculate the remainder when 8880461 is divided by 42.
23
What is the remainder when 147602644 is divided by 4718?
14
Calculate the remainder when 1801724 is divided by 450419.
48
Calculate the remainder when 549453 is divided by 1205.
1178
What is the remainder when 549597 is divided by 2790?
2757
Calculate the remainder when 321881 is divided by 216.
41
What is the remainder when 66029 is divided by 2040?
749
Calculate the remainder when 135150087 is divided by 28.
23
What is the remainder when 17525 is divided by 173?
52
What is the remainder when 306700 is divided by 68?
20
Calculate the remainder when 207469 is divided by 2911.
788
Calculate the remainder when 6128260 is divided by 2903.
27
What is the remainder when 1450793 is divided by 725387?
19
Calculate the remainder when 2271714 is divided by 20.
14
What is the remainder when 726688917 is divided by 4652?
4649
Calculate the remainder when 23356521 is divided by 12.
9
Calculate the remainder when 634871159 is divided by 122.
117
What is the remainder when 25432883 is divided by 402?
353
What is the remainder when 5421327 is divided by 50?
27
What is the remainder when 250529 is divided by 15647?
177
What is the remainder when 21348 is divided by 1095?
543
What is the remainder when 1939380 is divided by 127?
90
What is the remainder when 213014 is divided by 151?
104
What is the remainder when 6238566 is divided by 253?
92
What is the remainder when 796131 is divided by 3147?
3087
What is the remainder when 247524340 is divided by 1577?
1574
What is the remainder when 38748 is divided by 4765?
628
Calculate the remainder when 147472 is divided by 289.
82
Calculate the remainder when 31397 is divided by 3294.
1751
Calculate the remainder when 67250427 is divided by 251.
248
What is the remainder when 11584450 is divided by 38?
36
Calculate the remainder when 2540633 is divided by 44570.
143
Calculate the remainder when 45804261 is divided by 6.
3
Calculate the remainder when 11870 is divided by 11869.
1
What is the remainder when 264339 is divided by 401?
80
What is the remainder when 74029 is divided by 95?
24
What is the remainder when 5537097 is divided by 50?
47
What is the remainder when 888265 is divided by 4615?
2185
Calculate the remainder when 14852325 is divided by 1350210.
15
What is the remainder when 2448910 is divided by 66?
46
What is the remainder when 18789 is divided by 2266?
661
What is the remainder when 5461151 is divided by 27?
23
What is the remainder when 157686 is divided by 616?
606
Calculate the remainder when 6673 is divided by 202.
7
Calculate the remainder when 10886034 is divided by 85.
84
What is the remainder when 588324 is divided by 53475?
99
What is the remainder when 19247 is divided by 19089?
158
Calculate the remainder when 1216693 is divided by 303993.
721
What is the remainder when 487607 is divided by 68?
47
Calculate the remainder when 1743361 is divided by 581106.
43
Calculate the remainder when 3098488 is divided by 25607.
41
Calculate the remainder when 85339075 is divided by 92.
59
Calculate the remainder when 9051279 is divided by 1810193.
314
Calculate the remainder when 199497 is divided by 99720.
57
Calculate the remainder when 8281788 is divided by 119.
102
Calculate the remainder when 106182 is divided by 57.
48
What is the remainder when 290117 is divided by 289758?
359
Calculate the remainder when 82142 is divided by 40939.
264
Calculate the remainder when 10257547 is divided by 1605.
1597
What is the remainder when 526222 is divided by 2576?
718
Calculate the remainder when 3379107 is divided by 4933.
2
What is the remainder when 5391067 is divided by 3623?
43
What is the remainder when 14115764 is divided by 1764466?
36
What is the remainder when 589751 is divided by 1750?
1
What is the remainder when 87392 is divided by 2172?
512
What is the remainder when 249938 is divided by 1308?
110
Calculate the remainder when 15997147 is divided by 591.
550
Calculate the remainder when 12185961 is divided by 252.
249
Calculate the remainder when 2839350 is divided by 526.
2
Calculate the remainder when 2063223 is divided by 2209.
17
What is the remainder when 1498 is divided by 896?
602
What is the remainder when 703099 is divided by 102?
13
Calculate the remainder when 19735475 is divided by 415.
150
Calculate the remainder when 602533 is divided by 301227.
79
What is the remainder when 129301 is divided by 286?
29
What is the remainder when 2393563 is divided by 945?
823
Calculate the remainder when 34224817 is divided by 43.
42
What is the remainder when 15059337 is divided by 103?
16
Calculate the remainder when 117800 is divided by 55531.
6738
Calculate the remainder when 247167 is divided by 247129.
38
Calculate the remainder when 937972 is divided by 6559.
35
What is the remainder when 89198774 is divided by 1455?
1454
What is the remainder when 499953 is divided by 98618?
6863
What is the remainder when 